(j) = j**3 - 8*j**2 - 8*j + 2. Suppose -5*r + 11 + 34 = 0. What are the prime factors of p(r)?
11
Let c(z) = 56*z**2 + z. What are the prime factors of c(-1)?
5, 11
Let g(t) = 73*t - 8. List the prime factors of g(4).
2, 71
Suppose -4*c + 217 - 13 = 0. What are the prime factors of c?
3, 17
Suppose -2*b + 2*k = -16, 3*k - k + 19 = 3*b. Suppose 4*s = b + 13. Suppose s*d - 2*d - 34 = 0. List the prime factors of d.
17
Let r be 0 + 0 + 3 + -10. Let o = 5 - r. List the prime factors of o.
2, 3
Suppose -3*j + 4*o - 1 = -4, j - 17 = -4*o. Let y(r) = -r + 45. Let t be y(8). Suppose -t - 28 = -j*q. List the prime factors of q.
13
Let l(p) = -3*p**3 - 4*p**2 - 2. List the prime factors of l(-3).
43
Let q(w) = -86*w**3 + w**2 + w + 1. What are the prime factors of q(-1)?
3, 29
Suppose -12 + 34 = -4*r + 2*x, -3*r + 3*x - 15 = 0. Let y be ((-70)/15)/(4/r). Let a = y + -5. What are the prime factors of a?
2
Let g = 18 - 13. Suppose -42 = -g*d + 2*d + 3*o, d + 4*o = 24. What are the prime factors of d?
2
Let g be (-84)/(-15) - (-2)/5. Suppose 0 = -2*j + 2 - g. Let z(q) = 3*q**2 + 2*q - 1. What are the prime factors of z(j)?
7
Suppose p - 173 = 40. List the prime factors of p.
3, 71
Let w be (3*1)/((-18)/(-24)). What are the prime factors of 136/36 + w/18?
2
Suppose -6*n + 5*n + 53 = 0. Suppose 4*p - 39 = n. Suppose 4*l = x - 38, -p = 4*l - 3. What are the prime factors of x?
2, 3
Suppose 5 = -5*y - 5. Let k be (-2)/y*(9 + -2). Let g = -1 + k. List the prime factors of g.
2, 3
Suppose 0 = -5*b + 5*u + 165, -27 = -b + 2*u + 2*u. What are the prime factors of b?
5, 7
Let b(h) = -h - 10. Suppose y + 12 = -y + 2*n, y - 3*n - 2 = 0. Let v be b(y). Let p(q) = q + 7. List the prime factors of p(v).
7
Let s = -2 + 3. Let d be (-26)/(-4)*-1*-2. Let f = d - s. List the prime factors of f.
2, 3
Suppose 8*t = 12*t - 380. List the prime factors of t.
5, 19
Suppose -4*m + 29 + 4 = -3*u, -2*m - 5*u - 3 = 0. Let w(k) = m*k + 1 + 0*k + 3*k**2 - 2 - k**3 + 0. What are the prime factors of w(4)?
7
Let i be ((-2)/(-6))/((-1)/(-21)). Let w(h) be the third derivative of h**6/120 - 7*h**5/60 - h**4/24 + 5*h**3/3 - 2*h**2. What are the prime factors of w(i)?
3
Let z = 347 + -50. List the prime factors of z.
3, 11
Suppose 0*d - 4*n = 2*d + 14, 2*d = 3*n + 21. Suppose 6*i = d*i + 84. What are the prime factors of i?
2, 7
Suppose j = -j + 6, -3*w + 309 = -5*j. What are the prime factors of w?
2, 3
Suppose -4*i - 5*f + 30 = 0, 2*f = -i + 3*f + 3. Let a = i + -2. List the prime factors of a.
3
Let a(f) = -5*f**3 + 4*f**2 + 5*f + 1. Let y be 40/16*8/(-10). List the prime factors of a(y).
47
Suppose 3*f = -3*k + 2*k + 7, 0 = 2*f + 2*k - 6. Suppose 2*v - 2 = j, j + f - 3 = -v. List the prime factors of 2*(j - (1 + -5)).
2
Let m = 137 - 93. Suppose -m = 4*b + 32. List the prime factors of b/(-3) - (-4)/6.
7
Suppose -4*g - 612 = -6*g + 3*v, 2*v = -4*g + 1224. List the prime factors of g.
2, 3, 17
Suppose 5*c - 50 = 20. What are the prime factors of c?
2, 7
Let g be (-1)/(1/(12/(-2))). Let q be -2 + (-1)/2*0. Let t = g + q. List the prime factors of t.
2
Let x = 46 - 7. List the prime factors of x.
3, 13
Let f = 6 + -3. Suppose 0 = -f*m + 7*m - 16. What are the prime factors of m?
2
Suppose 4*r = -0*r + 148. List the prime factors of r.
37
Let s be (9/6)/((-3)/(-4)). Suppose s*o - 14 - 26 = 0. List the prime factors of o.
2, 5
Let q(i) = 2*i**3 - i**2 - 2*i + 3. Suppose 0 = 6*a - 3*a + 3. Let z = a - -3. What are the prime factors of q(z)?
11
Suppose -294 = -2*i - 0*i. Let d = -88 + i. List the prime factors of d/4 - 5/(-20).
3, 5
What are the prime factors of 2/3 - (-262)/3?
2, 11
Suppose -3 = -z + 10. Suppose 9*l - 4*l + z = h, 0 = h + 3*l - 13. What are the prime factors of h?
13
Suppose -j - j = 4*g - 12, -5*g = -2*j - 15. Let d = 17 + g. What are the prime factors of d?
2, 5
Let o be 2/(33/9 + -3). Suppose 5*s - 42 = o*s. What are the prime factors of s?
3, 7
Let l be (-14)/16*2*-4. Let b = 11 - l. What are the prime factors of b?
2
Let y(m) = m**2 - 11*m + 6. List the prime factors of y(-9).
2, 3, 31
Let k(y) = 22*y - 4. What are the prime factors of k(2)?
2, 5
Suppose 0 = 2*s - 6*s + 104. What are the prime factors of s?
2, 13
Suppose -l + 34 = -6*l + 2*d, 0 = 5*l + 4*d + 52. Let v(g) = g**2 + 8*g + 6. Let j be v(l). Let x(m) = m**3 - 6*m**2 + m - 3. List the prime factors of x(j).
3
List the prime factors of (490/8)/((-36)/(-144)).
5, 7
Let u(w) = w**2 + 4*w - 7. Let d be u(-6). Suppose 10 = -5*f, -d*f - 21 = 3*a - 4*a. List the prime factors of a.
11
Suppose 10 = -o + 90. Let c = -48 + o. List the prime factors of c.
2
What are the prime factors of 264 + -3 - (-4 + 3)?
2, 131
Let m be 0 + -2 + (-15)/(-3). Suppose m*s + 1 = 7. What are the prime factors of s?
2
Suppose -144 = 8*k - 408. List the prime factors of k.
3, 11
Let w = -1 - -6. Suppose -w*o + 48 = -o. What are the prime factors of o?
2, 3
Suppose 4*l - 9 = 5*c, 4*l + c - 16 - 11 = 0. List the prime factors of ((-5)/(-3))/5*l.
2
Suppose 13*q - 15*q + 48 = 0. What are the prime factors of q?
2, 3
Suppose 0 = 5*r - 4*d + 130, 0 = -r - 3*d - 2 - 43. What are the prime factors of r/(-2) - (1 - 4)?
2, 3
Let z = 62 - 26. What are the prime factors of z?
2, 3
Let y be ((2/1)/(-1))/(-1). Suppose -c = 2*d - 23, -y*d - 47 = -3*c + 3*d. List the prime factors of c.
19
Let m(r) be the third derivative of r**5/30 - r**4/4 - r**3 - 3*r**2. List the prime factors of m(5).
2, 7
Let q be 6/(-21) - (-93)/7. Suppose 2*o = q + 9. What are the prime factors of o?
11
Let b(s) = s**2 + 5*s - 4. Let f be b(-8). Suppose -3*h + i + 0*i = 21, 4*i - f = 4*h. Let n(z) = -z**3 - 8*z**2 - 2*z + 2. What are the prime factors of n(h)?
2, 3
Suppose 4*m = -3*b + 36, m - 3*m + b = -8. Let i = 0 + m. What are the prime factors of i?
2, 3
Let l(j) = 11*j + 5. List the prime factors of l(6).
71
Suppose 3*j = -4*c + 89, -4*j + 3 = 5*c - 107. List the prime factors of c.
2, 13
Suppose 0 = 3*a + 6, 0 = 3*h + a + a - 209. List the prime factors of h.
71
What are the prime factors of 19 + (8 - (2 + 2))?
23
Let j(u) = u**2 - 3*u - 2. Let p be j(-4). Let w = -17 + p. What are the prime factors of w?
3
Suppose -3*f - 2*f - 5*u - 20 = 0, -2*f - 5 = -u. Let c = f - -10. Let w = -3 + c. What are the prime factors of w?
2
Suppose 0 = -5*y, w - y = -2*y + 52. What are the prime factors of w?
2, 13
Let h(f) = f**2 - 3*f. Let x(r) = r + 1. Let y be x(3). Let c be h(y). Suppose 3*g + 5*b - 32 = 0, -2*b - 50 = -c*g - 5*b. List the prime factors of g.
2, 7
Let s be 66/4 - (-2)/(-4). Suppose -2*k + s = -4. List the prime factors of (-58)/(-5) - (-4)/k.
2, 3
Let p(n) = -32*n + 28. List the prime factors of p(-8).
2, 71
Let j(q) = q**2 + 4*q - 5. Let y be j(-11). Suppose -2*z + y = z. What are the prime factors of z?
2, 3
Let t(w) = -8*w. Let g be t(-5). Let k = g - 28. Suppose -2*q = q - k. What are the prime factors of q?
2
Suppose -n = 4*t - 48, 4*n - 4*t = -t + 154. Let m be 1/(-2*2/n). List the prime factors of (-4)/m*(-150)/(-5).
2, 3
Let w(s) = -s**2 + 8*s - 4. Let m = -11 - -15. List the prime factors of w(m).
2, 3
Suppose -v + 2*v = -10. List the prime factors of (56/10)/((-2)/v).
2, 7
Suppose -3*u = f - u - 52, -4*f + 195 = -5*u. Let w = f - 29. What are the prime factors of w?
3, 7
Let l(m) = m**2 + 3*m - 18. What are the prime factors of l(-8)?
2, 11
Let t be (-1)/((6 - 2)/(-380)). Let v = t - 57. What are the prime factors of v?
2, 19
Let g = 1 - 1. Let m be (g/2)/2 - -2. Suppose -m*t - 11 = -3*t. List the prime factors of t.
11
Let n be (3/(-9))/(3/(-153)). Suppose -4*v = -4*b - 44, 0*b - 4*b = -v + n. List the prime factors of v.
3
Let g = 11 - 41. Let q be 1 + g + (-4)/(-2). Let u = -3 - q. List the prime factors of u.
2, 3
Let q be ((-4)/(-3))/((-8)/(-12)). Suppose 7*z - q*z = 65. List the prime factors of z.
13
Let f = 167 + -64. List the prime factors of f.
103
List the prime factors of (-2)/(((-6)/32)/3).
2
Suppose -5*x - 5*w = 20, x = -9*w + 4*w - 20. Suppose 2*d + d - 24 = x. List the prime factors of d.
2
Let n be 87*3*4/18. Let j(r) = -r**2 + 4*r + 2. Let z be j(4). Suppose 5*g + 42 - 5 = z*f, 0 = 5*f - g - n. List the prime factors of f.
11
Let o(l) = 5*l - 3. Let t(w) = 11*w - 5. Let y(r) = -5*o(r) + 3*t(r). What are the prime factors of y(2)?
2
Suppose 